185801.
11, 13, 693607
List the prime factors of 8742807.
3, 127, 7649
What are the prime factors of 1098285066?
2, 3, 4691, 13007
What are the prime factors of 166357081?
11, 15123371
List the prime factors of 138962971.
7, 43, 101, 653
List the prime factors of 601070532.
2, 3, 31, 1615781
What are the prime factors of 1832821633?
179, 10239227
List the prime factors of 71551916.
2, 17887979
What are the prime factors of 16261921?
13, 1250917
List the prime factors of 44473118.
2, 1109, 20051
What are the prime factors of 928932829?
11, 84448439
List the prime factors of 1436725028.
2, 137, 2621761
What are the prime factors of 145670540?
2, 5, 41, 177647
What are the prime factors of 41696375?
5, 7, 47653
List the prime factors of 39836202.
2, 3, 7, 17, 55793
What are the prime factors of 4888532551?
7, 698361793
List the prime factors of 31556892.
2, 3, 139, 18919
List the prime factors of 2796932686.
2, 4271, 327433
List the prime factors of 437492947.
113, 3871619
List the prime factors of 188398907.
233, 808579
What are the prime factors of 192701604?
2, 3, 73, 219979
What are the prime factors of 5615687881?
3221, 1743461
List the prime factors of 167646421.
1109, 151169
List the prime factors of 2448665426.
2, 73, 16771681
What are the prime factors of 1764736346?
2, 28351, 31123
List the prime factors of 1359746063.
13, 71, 113, 13037
List the prime factors of 137522247.
3, 19, 2412671
What are the prime factors of 1683809600?
2, 5, 11, 29, 3299
What are the prime factors of 25323219?
3, 19, 49363
List the prime factors of 507962185.
5, 101592437
List the prime factors of 433615605.
3, 5, 2633, 10979
List the prime factors of 2869075.
5, 11, 10433
List the prime factors of 5414113681.
23, 235396247
List the prime factors of 82244281.
7, 11749183
What are the prime factors of 2183380064?
2, 23, 37, 80177
What are the prime factors of 2624672606?
2, 47, 67, 347, 1201
List the prime factors of 68793960.
2, 3, 5, 31, 18493
List the prime factors of 64124025.
3, 5, 7, 67, 1823
List the prime factors of 892476373.
47, 113, 168043
List the prime factors of 245958004.
2, 181, 383, 887
What are the prime factors of 183852534?
2, 3, 593, 51673
List the prime factors of 110258037.
3, 4083631
What are the prime factors of 273201707?
821, 332767
What are the prime factors of 1658681842?
2, 433, 1915337
What are the prime factors of 81811396?
2, 47, 277, 1571
What are the prime factors of 273806835?
3, 5, 23, 29, 27367
What are the prime factors of 3294397167?
3, 1098132389
List the prime factors of 98935345.
5, 19787069
What are the prime factors of 1168074564?
2, 3, 97339547
List the prime factors of 63351959.
11, 23, 250403
What are the prime factors of 155173241?
53, 2927797
List the prime factors of 5569902733.
22807, 244219
What are the prime factors of 16103559?
3, 5367853
What are the prime factors of 190288947?
3, 47, 1091, 1237
What are the prime factors of 191750923?
7, 13, 2107153
What are the prime factors of 236023057?
31, 7613647
What are the prime factors of 42408794?
2, 21204397
List the prime factors of 14463298.
2, 31, 233279
What are the prime factors of 51255002?
2, 41, 313, 1997
List the prime factors of 3431527.
11, 311957
List the prime factors of 87669548.
2, 4483, 4889
What are the prime factors of 53616290?
2, 5, 7, 13, 19, 443
What are the prime factors of 161301538?
2, 29, 2781061
List the prime factors of 185646097.
7, 13, 137, 14891
What are the prime factors of 1752094521?
3, 61, 3191429
What are the prime factors of 944935853?
5581, 169313
List the prime factors of 951455055.
3, 5, 29, 97, 22549
List the prime factors of 721109396.
2, 7, 2287, 11261
What are the prime factors of 84479552?
2, 23, 29, 1979
List the prime factors of 65357371.
199, 328429
What are the prime factors of 662338755?
3, 5, 13, 83, 4547
What are the prime factors of 629802623?
629802623
What are the prime factors of 411651662?
2, 47, 4379273
What are the prime factors of 105641931?
3, 173, 203549
List the prime factors of 902230880.
2, 5, 1553, 3631
What are the prime factors of 933891683?
933891683
List the prime factors of 3486967910.
2, 5, 2707, 128813
What are the prime factors of 97998445?
5, 173, 277, 409
List the prime factors of 22175955.
3, 5, 492799
What are the prime factors of 5610630026?
2, 2805315013
What are the prime factors of 40035031?
419, 95549
List the prime factors of 319047100.
2, 5, 43, 74197
What are the prime factors of 1780710899?
11, 23, 639853
What are the prime factors of 2660262095?
5, 263, 2023013
List the prime factors of 793155290.
2, 5, 59, 593, 2267
What are the prime factors of 669612942?
2, 3, 43, 109, 7937
What are the prime factors of 1188626323?
419, 2836817
List the prime factors of 4124605299.
3, 11197, 122789
What are the prime factors of 133467783?
3, 557, 79873
List the prime factors of 29022127.
29, 1000763
What are the prime factors of 15275005?
5, 439, 6959
List the prime factors of 30957669.
3, 19, 181039
What are the prime factors of 693303240?
2, 3, 5, 7, 825361
List the prime factors of 634520846.
2, 19, 197, 84761
List the prime factors of 36816335.
5, 211, 34897
List the prime factors of 34583387.
4051, 8537
What are the prime factors of 7851349?
11, 23, 31033
What are the prime factors of 4017943958?
2, 7, 127, 2259811
List the prime factors of 3731805.
3, 5, 7, 11, 359
What are the prime factors of 36642436?
2, 547, 16747
List the prime factors of 3020652399.
3, 23, 401, 109171
What are the prime factors of 576860835?
3, 5, 61, 601, 1049
List the prime factors of 964476755.
5, 11, 3691, 4751
List the prime factors of 341421983.
7, 48774569
What are the prime factors of 1385187298?
2, 11, 62963059
What are the prime factors of 1391527224?
2, 3, 19326767
List the prime factors of 2928183958.
2, 7, 23, 9093739
What are the prime factors of 48781713?
3, 16260571
What are the prime factors of 558242105?
5, 1487, 75083
List the prime factors of 5280446075.
5, 17, 2377, 5227
What are the prime factors of 322107292?
2, 13, 29, 213599
What are the prime factors of 98127543?
3, 2699, 12119
What are the prime factors of 423504402?
2, 3, 359, 196613
List the prime factors of 30674875.
5, 7, 11, 3187
What are the prime factors of 1255814929?
31, 1409, 28751
List the prime factors of 19951482.
2, 3, 19, 175013
List the prime factors of 3778252563.
3, 19087, 65983
List the prime factors of 54554106.
2, 3, 809, 11239
List the prime factors of 967736813.
37, 557, 46957
List the prime factors of 50418065.
5, 10083613
What are the prime factors of 125077163?
2687, 46549
List the prime factors of 1929440698.
2, 23, 241, 269, 647
What are the prime factors of 13596851?
3191, 4261
What are the prime factors of 510614572?
2, 13, 379, 1993
List the prime factors of 802383496.
2, 71, 1412647
List the prime factors of 69130661.
89, 776749
What are the prime factors of 35599087?
35599087
What are the prime factors of 3290903722?
2, 67, 773, 31771
List the prime factors of 7622102251.
7622102251
What are the prime factors of 412977528?
2, 3, 212437
What are the prime factors of 1802582201?
7, 257511743
What are the prime factors of 444045424?
2, 271, 102409
List the prime factors of 982949044.
2, 7, 11, 17, 227, 827
List the prime factors of 419053979.
67, 6254537
What are the prime factors of 49195444?
2, 1669, 7369
What are the prime factors of 35718098?
2, 13, 37, 107, 347
What are the prime factors of 48073915?
5, 37, 53, 4903
List the prime factors of 18975970.
2, 5, 13, 145969
What are the prime factors of 210014071?
210014071
What are the prime factors of 6239055422?
2, 19, 8641351
List the prime factors of 634121836.
2, 37, 4284607
What are the prime factors of 54369802?
2, 43, 149, 4243
List the prime factors of 752179152.
2, 3, 73, 214663
List the prime factors of 196467628.
2, 7, 79, 88819
What are the prime factors of 284624290?
2, 5, 28462429
List the prime factors of 4153648.
2, 259603
List the prime factors of 7136104.
2, 47, 18979
List the prime factors of 23724996.
2, 3, 17, 19, 6121
What are the prime factors of 927762885?
3, 5, 7, 31, 95009
List the prime factors of 163096972.
2, 40774243
What are the prime factors of 6911308?
2, 1727827
List the prime factors of 23849005.
5, 863, 5527
Lis